 is divided by 51?
24
Calculate the remainder when 19 is divided by 5.
4
Calculate the remainder when 163 is divided by 34.
27
What is the remainder when 28 is divided by 10?
8
What is the remainder when 160 is divided by 33?
28
What is the remainder when 37 is divided by 14?
9
Calculate the remainder when 163 is divided by 19.
11
What is the remainder when 126 is divided by 36?
18
What is the remainder when 142 is divided by 41?
19
Calculate the remainder when 1140 is divided by 32.
20
Calculate the remainder when 197 is divided by 53.
38
What is the remainder when 55 is divided by 12?
7
Calculate the remainder when 467 is divided by 205.
57
What is the remainder when 431 is divided by 88?
79
What is the remainder when 1192 is divided by 397?
1
What is the remainder when 3058 is divided by 64?
50
What is the remainder when 486 is divided by 98?
94
Calculate the remainder when 1690 is divided by 121.
117
Calculate the remainder when 87 is divided by 14.
3
What is the remainder when 709 is divided by 51?
46
Calculate the remainder when 691 is divided by 178.
157
Calculate the remainder when 1401 is divided by 88.
81
What is the remainder when 1780 is divided by 162?
160
What is the remainder when 383 is divided by 128?
127
What is the remainder when 960 is divided by 37?
35
Calculate the remainder when 4578 is divided by 415.
13
What is the remainder when 17 is divided by 5?
2
Calculate the remainder when 266 is divided by 82.
20
Calculate the remainder when 655 is divided by 14.
11
What is the remainder when 555 is divided by 93?
90
Calculate the remainder when 197 is divided by 73.
51
Calculate the remainder when 1265 is divided by 531.
203
What is the remainder when 1421 is divided by 1410?
11
What is the remainder when 171 is divided by 35?
31
Calculate the remainder when 55 is divided by 12.
7
What is the remainder when 2490 is divided by 26?
20
What is the remainder when 141 is divided by 16?
13
Calculate the remainder when 151 is divided by 14.
11
Calculate the remainder when 120 is divided by 89.
31
What is the remainder when 8417 is divided by 23?
22
What is the remainder when 3434 is divided by 181?
176
Calculate the remainder when 756 is divided by 264.
228
What is the remainder when 4915 is divided by 329?
309
What is the remainder when 387 is divided by 26?
23
What is the remainder when 392 is divided by 131?
130
Calculate the remainder when 302 is divided by 103.
96
What is the remainder when 1099 is divided by 16?
11
What is the remainder when 43 is divided by 25?
18
Calculate the remainder when 477 is divided by 159.
0
Calculate the remainder when 1851 is divided by 16.
11
Calculate the remainder when 39 is divided by 3.
0
What is the remainder when 87 is divided by 52?
35
What is the remainder when 25 is divided by 7?
4
What is the remainder when 8913 is divided by 122?
7
Calculate the remainder when 220 is divided by 37.
35
What is the remainder when 270 is divided by 142?
128
Calculate the remainder when 713 is divided by 24.
17
Calculate the remainder when 72 is divided by 47.
25
Calculate the remainder when 2871 is divided by 572.
11
Calculate the remainder when 2220 is divided by 89.
84
What is the remainder when 706 is divided by 10?
6
What is the remainder when 96 is divided by 73?
23
What is the remainder when 101 is divided by 24?
5
What is the remainder when 290 is divided by 81?
47
What is the remainder when 445 is divided by 40?
5
What is the remainder when 307 is divided by 44?
43
Calculate the remainder when 713 is divided by 102.
101
What is the remainder when 355 is divided by 17?
15
What is the remainder when 691 is divided by 227?
10
What is the remainder when 18570 is divided by 151?
148
Calculate the remainder when 86 is divided by 16.
6
What is the remainder when 1582 is divided by 13?
9
Calculate the remainder when 789 is divided by 16.
5
Calculate the remainder when 260 is divided by 73.
41
What is the remainder when 746 is divided by 42?
32
What is the remainder when 823 is divided by 15?
13
What is the remainder when 232 is divided by 5?
2
Calculate the remainder when 130 is divided by 33.
31
What is the remainder when 70 is divided by 11?
4
Calculate the remainder when 94 is divided by 50.
44
Calculate the remainder when 324 is divided by 65.
64
What is the remainder when 6512 is divided by 2163?
23
Calculate the remainder when 260 is divided by 69.
53
Calculate the remainder when 243 is divided by 4.
3
What is the remainder when 333 is divided by 48?
45
What is the remainder when 1285 is divided by 14?
11
What is the remainder when 664 is divided by 57?
37
What is the remainder when 1724 is divided by 155?
19
Calculate the remainder when 230 is divided by 113.
4
Calculate the remainder when 374 is divided by 42.
38
What is the remainder when 542 is divided by 178?
8
What is the remainder when 152 is divided by 12?
8
Calculate the remainder when 31 is divided by 4.
3
What is the remainder when 168 is divided by 83?
2
Calculate the remainder when 355 is divided by 176.
3
Calculate the remainder when 235 is divided by 55.
15
Calculate the remainder when 2004 is divided by 143.
2
Calculate the remainder when 3065 is divided by 128.
121
Calculate the remainder when 35 is divided by 2.
1
Calculate the remainder when 125 is divided by 116.
9
What is the remainder when 791 is divided by 36?
35
Calculate the remainder when 403 is divided by 40.
3
Calculate the remainder when 37 is divided by 14.
9
Calculate the remainder when 678 is divided by 124.
58
What is the remainder when 402 is divided by 388?
14
Calculate the remainder when 1231 is divided by 405.
16
Calculate the remainder when 2615 is divided by 32.
23
Calculate the remainder when 122 is divided by 18.
14
Calculate the remainder when 13137 is divided by 20.
17
What is the remainder when 659 is divided by 72?
11
What is the remainder when 4349 is divided by 17?
14
Calculate the remainder when 121 is divided by 61.
60
Calculate the remainder when 1078 is divided by 57.
52
Calculate the remainder when 368 is divided by 6.
2
What is the remainder when 1385 is divided by 40?
25
Calculate the remainder when 377 is divided by 39.
26
Calculate the remainder when 372 is divided by 34.
32
What is the remainder when 115 is divided by 13?
11
What is the remainder when 1115 is divided by 12?
11
Calculate the remainder when 302 is divided by 118.
66
Calculate the remainder when 112 is divided by 33.
13
What is the remainder when 1111 is divided by 36?
31
Calculate the remainder when 1469 is divided by 49.
48
What is the remainder when 2336 is divided by 12?
8
What is the remainder when 322 is divided by 66?
58
Calculate the remainder when 578 is divided by 283.
12
Calculate the remainder when 1061 is divided by 118.
117
What is the remainder when 84 is divided by 13?
6
Calculate the remainder when 1118 is divided by 21.
5
Calculate the remainder when 375 is divided by 75.
0
What is the remainder when 189 is divided by 122?
67
Calculate the remainder when 219 is divided by 6.
3
What is the remainder when 1516 is divided by 376?
12
What is the remainder when 510 is divided by 22?
4
What is the remainder when 2133 is divided by 97?
96
What is the remainder when 897 is divided by 21?
15
Calculate the remainder when 829 is divided by 26.
23
What is the remainder when 232 is divided by 47?
44
What is the remainder when 201 is divided by 78?
45
Calculate the remainder when 397 is divided by 58.
49
What is the remainder when 1102 is divided by 277?
271
What is the remainder when 3343 is divided by 19?
18
Calculate the remainder when 302 is divided by 108.
86
Calculate the remainder when 4664 is divided by 137.
6
Calculate the remainder when 1754 is divided by 276.
98
Calculate the remainder when 607 is divided by 39.
22
What is the remainder when 1354 is divided by 673?
8
What is the remainder when 1249 is divided by 357?
178
What is the remainder when 132 is divided by 19?
18
Calculate the remainder when 78 is divided by 21.
15
What is the remainder when 260 is divided by 95?
70
What is the remainder when 70 is divided by 48?
22
Calculate the remainder when 201 is divided by 89.
23
What is the remainder when 72 is divided by 42?
30
What is the remainder when 7240 is